 the third derivative of -1/10*u**5 + 0 + 1/120*u**6 - 1/2*u**3 + 164*u**2 + 1/24*u**4 + 0*u. What is p(5)?
-23
Let l(c) be the second derivative of -c**3/3 - 26*c**2 - 4*c + 32. Determine l(-26).
0
Let q = 47 + -46. Let k(n) be the third derivative of 1/24*n**6 + 1/6*n**3 + 0*n + 0 + 14*n**2 - 1/12*n**4 + 1/60*n**5. What is k(q)?
5
Let w(r) = r - 32. Let b(i) = -42. Let z(h) = b(h) - w(h). Let o be ((-136)/32)/((-2)/8). Suppose 3*u = 2*y - 19, 3*u + 6 = -2*y - o. Calculate z(u).
-3
Let u(j) = -j + 6. Let l be u(5). Let g(q) = 19*q**2 - 2 - 2*q + 17*q**2 - 39*q**2 + l. What is g(-1)?
-2
Let a(u) = -4*u + 4*u + 1 + u. Suppose -10*p - 276 = 13*p. Let r be p*(5 + 85/(-20)). Calculate a(r).
-8
Let c(i) = i + 15. Suppose -14*w = 40 - 124. Suppose -7 = 4*l + 2*b + 11, 2*l - w = -4*b. What is c(l)?
8
Let i(q) = -q + 5. Let n(r) = -11919 + r + 4*r + 11894. Let l(m) = -4*i(m) - n(m). Let v be (2 - (1 - 0))*4. Determine l(v).
1
Let y(a) = -3*a**2 - 97*a - 336. Let n be y(-4). Let z(c) = 2*c + 17. Calculate z(n).
25
Let r(t) = t**2 + t + 10. Let x(m) = -m**2 - m - 11. Let q(v) = 6*r(v) + 5*x(v). Suppose 3*h - 256 = -5*h. Let i = h - 32. Give q(i).
5
Suppose -3 + 9 = 2*h. Suppose -4*u - 2*q = 2, 4*u + 0*u = h*q + 3. Suppose -2*y + 8 = -u, 4*b = -3*y + 28. Let k(s) = -s**3 + 6*s**2 - 7*s + 4. Give k(b).
8
Let s(y) = y - 1033 + 5*y**3 - 2*y**2 - 13*y**3 + 476 + 559. Let m be (-1*2)/(-9 + 11). Give s(m).
7
Let a = 308 - 304. Suppose 2*y = -y + a*k, -5*k + 5 = -5*y. Let f(i) = i**2 - 2. Calculate f(y).
14
Let s(n) = -n**3 - 11*n**2 + 25*n - 21. Suppose 160*f = -2*r + 165*f - 6, 5*r + 101 = -9*f. Calculate s(r).
-8
Let m(r) = 11*r**2 - 2*r + 28. Let o(w) = -6*w**2 + w - 17. Let f(z) = 3*m(z) + 5*o(z). Determine f(2).
9
Let c(o) = -o**3 + 5*o**2 - 3*o - 1. Let k(p) = 61*p + 433. Let z be k(-7). Give c(z).
-55
Suppose 2*u = -3 - 3. Let z(a) = -2*a - 4. Let l(b) = -5*b - 7. Let f(d) = u*l(d) + 5*z(d). Give f(1).
6
Let n(h) = 2*h - 2. Let l(g) = -2*g**3 + g**2 - 7*g - 13. Let j be l(-2). Let f = -23 + j. Determine n(f).
-6
Let a(m) be the first derivative of m**4/4 - 3*m**3 + 3*m**2 + 2*m + 942. Give a(7).
-54
Let m(h) = -h**2 - 7*h - 32 - 8*h + 0*h**2 + 0*h. Let n be m(-12). Suppose 3*d - n = 5*u, -u = d - 3*u - 1. Let g(o) = -3*o + 4. Calculate g(d).
-5
Let z(h) = h**3 - 4*h**2 - 2*h + 3. Suppose -155 - 25 = -2*k. Let y = k - 64. Let g be 108/y - 12/78. Give z(g).
-5
Let h(u) = -1 - 4*u**3 + 10*u**2 + 4*u + 14 + 2 + 3*u**3 - 22*u. Calculate h(7).
36
Let k(y) be the third derivative of y**4/24 + y**3/2 - y**2. Let i = 1062385 - 1062381. Give k(i).
7
Let p(x) = -x**2 + 14*x + 2*x**2 - 6 - 25 + 3*x - 6*x. Give p(-14).
11
Let i = -100 - -103. Suppose 0 = -i*h - 40 + 67. Let t(b) = -2*b + 11. What is t(h)?
-7
Let f be (-1)/2*(-33 - (-66 + 3)). Let y(v) = -v**3 - 14*v**2 + 17*v + 28. Calculate y(f).
-2
Suppose 0 = t + 25 - 45 + 25. Let r(n) = 9*n - 14. Calculate r(t).
-59
Let u(h) = -69*h**2 - 2*h + 2. Let v(r) = -35*r**2 + r - 1. Let t(d) = -u(d) - v(d). Give t(1).
104
Suppose 0 = -51*h + 54*h + 495. Let v be h/(-35) + (-6)/(-21). Let j(n) = -6 - 3*n - 2 - 5*n**2 + v + 7. Give j(-3).
-32
Let k(f) = 2*f + 4. Let b be k(5). Let h(w) = 1711*w - 3419*w + 8 + 1707*w. Let a be h(b). Let o(q) = -q**2 - 7*q + 4. Calculate o(a).
10
Let g(s) = s**3 - 4*s**2 - s + 5. Suppose 4*p - 60 = -12*l, -58*l + 57*l + 13 = 3*p. Give g(l).
1
Let g be (-6)/(-10)*980/84. Suppose 5*c - 4 = 6. Let l(t) = -7 + 5 + 0*t**c - t**2 + 12 + 7*t. Determine l(g).
10
Let d(u) = 2*u**3 + 20*u**2 - 10*u - 54. Let s(y) = -y**3 - 2*y. Let q(w) = -d(w) - 3*s(w). Let z be q(19). Let p(f) = 2*f**2 + 4*f - 1. Give p(z).
5
Let t(q) = -22*q**2 + 8*q - 53. Let w(a) = -26*a**2 + 8*a - 61. Let v(r) = 7*t(r) - 6*w(r). Calculate v(-5).
5
Let p(w) = -4*w + 1. Let n be p(-1). Let v(o) be the second derivative of o**5/20 - o**4/2 + 2*o**3/3 + o**2/2 - 1176*o. Calculate v(n).
-4
Let x(s) = s**2 - 7*s - 9. Let g be (-444)/(-48) - 4/16. Let r be (-18)/3*(-12)/g. Determine x(r).
-1
Let y = -114 - -118. Suppose -y*g + 32 = 2*o, -4*o + g + 48 = 5*g. Let r(f) = -f + 7. Give r(o).
-1
Let x(b) = b**3 + 30*b**2 - 3*b - 79. Let t be x(-30). Suppose -13*n = -t*n + 8. Let v(q) = q**2 + 4*q + 1. Give v(n).
1
Let s(w) = 92 - 96 - 27*w + 68*w. Give s(1).
37
Let y(a) = a**2 - 105. Let n = 2979 + -2989. What is y(n)?
-5
Let l be ((-24)/16)/(((-2)/(-44))/((-8)/(-44))). Let d be (-2)/(-8) - 15/(-4). Let c(y) = 3*y + d - 2 + 0*y. Give c(l).
-16
Let v(u) = -u**3 - 13*u**2 - 11*u + 3. Suppose -15*h - 63 - 12 = 0. Let p be h + 11 + 18/(-1). Determine v(p).
-9
Suppose 7*c + 16 = 3*c. Let w(k) = 61*k**2 + 53*k + 50. Let a(g) = -13*g**2 - 11*g - 10. Let v(x) = -14*a(x) - 3*w(x). Calculate v(c).
-6
Let f(c) = -9*c**2 + 15*c - 2. Let z(k) = k**2 - k + 1. Let w(p) = -f(p) - 5*z(p). Calculate w(3).
3
Let u(i) = -i + 1 - 1 + 6. Let v(x) = -30*x - 94. Let n be v(-4). Suppose 0 = -5*p + 5*o + 20, -3*p - 8*o = -4*o - n. Determine u(p).
0
Let n(q) be the first derivative of -q**4/2 - q**3 - 2*q**2 - 2*q + 345. Calculate n(-2).
10
Let l(x) be the second derivative of 2*x**2 + 0 - 58*x - 5/6*x**3. Calculate l(-3).
19
Let l(p) be the first derivative of 941*p**2/2 + 5*p - 40. Let a be l(2). Let n(u) = -7*u - a*u**3 + 1 + 1888*u**3 + 7*u**2 + 2. Give n(-8).
-5
Let h(z) = -z**2 + 12*z + 3. Suppose 98 = 24*c - 190. Determine h(c).
3
Let b(q) = -3*q**2 + 4*q - 2. Let t be b(-4). Let c = -161 - t. Let d = c + 103. Let v(m) = m**3 - 7*m**2 - 8*m. Calculate v(d).
0
Suppose -w - 1927 = -5*l, 2647 = 4*l + 4*w + 1091. Let n = 214 - l. Let t be n/(-22) - (-4)/(-22)*-1. Let r(s) = s - 1. What is r(t)?
7
Let i(y) = y**3 + 6*y**2 - 6*y - 6. Let r(s) = 2*s**2 - 14*s - 33. Let t be r(-2). Suppose 0 = 2*f + 4*b + 2, -11*f - t*b = -7*f + 19. Give i(f).
-13
Let m(h) be the first derivative of h**2 + 85*h + 5291. Determine m(-36).
13
Let r(p) = -20*p**3 + 44*p**2 + 5*p - 50. Let u(q) = -11*q**3 + 23*q**2 + 2*q - 25. Let g(j) = -6*r(j) + 11*u(j). Determine g(-10).
5
Let k(q) = 2*q + 3 - 9 + 7 + 5*q**3 + 2*q**2. Let u be -7 - -1 - (3 - 6). Let a be (u/(-6))/(2/(-4)). What is k(a)?
-4
Let a(v) = -v**3 + 3*v**2 - 2*v - 4. Suppose -m - 3*m - l = 131, 3*l = -9. Let s = -98 - m. Let u be -2 + s/(-14) - (-46)/161. Give a(u).
-10
Let c = -178 - -183. Let f(v) be the second derivative of 6*v + 0 + 1/20*v**5 - 1/2*v**4 - 5/2*v**2 + 5/6*v**3. What is f(c)?
-5
Let p(u) = -u**2 - 7*u - 5. Let j(b) = 8*b**3 - 4*b**2 + 4. Let v be (-16)/(-40) - 8/(-5). Let y be j(v). Suppose -3*s - y = 10*s. Give p(s).
7
Let t(v) = -v**2 + 7*v + 3. Let y be 0 + 8 + 2/(-2). Let p = y - 1. Give t(p).
9
Let c(n) = 12*n + 55. Let l be c(-5). Let t(s) be the second derivative of s**5/20 + s**4/3 - 2*s**3/3 - s**2/2 + 174*s. Calculate t(l).
-6
Let h(t) = -t + 2*t + 597*t**2 - 604*t**2 + t**3 + 24. Calculate h(7).
31
Let b(j) = 2*j**2 + 1. Suppose 2*u = 2*t - 35 + 9, -u + 37 = 4*t. Suppose k + 3*k + t = -3*z, 0 = -2*z - 4*k - 8. Determine b(z).
9
Let n = 661 + -577. Let p(g) = 82*g**3 + g**2 + 24*g - 23*g - n*g**3 + 5. Calculate p(0).
5
Let p(s) be the third derivative of s**6/60 - s**5/15 + s**4/12 + 166*s**2 - s + 6. Let n be 1*(3 + 1) + -2. What is p(n)?
4
Let y(r) = -r**3 - r**2 + r - 2. Let f be (32/(-10))/(112/280). Let c be 240/48 - (-1 - f). Determine y(c).
0
Let p(a) = 3*a - 27. Suppose 2*l = -5*s - 60 + 87, 2*s - 14 = -l. Determine p(l).
21
Suppose 3*t + b = -249 + 300, 0 = -t - b + 13. Let d(c) = c**2 - 18*c - 32. Give d(t).
-13
Let y(b) = b**3 + 52*b**2 + 89*b + 96. Let p(a) = -2*a**2 - 7*a + 2. Let n(x) = -7*p(x) - y(x). Determine n(-37).
1
Let j(a) = a**3 + a**2 - a - 2. Let h(c) = -c**3 + 5*c**2 + 2*c - 6. Let r be h(5). Let g(t) = 5*t**2 + t. Let k be g(1). Let i = r - k. Determine j(i).
-4
Let q(s) = -4*s + 102. Let r(w) = -4*w - 80. Let f be r(-26). Let b be q(f). Let c(p) = p**2 - 9*p + 3. Give c(b).
-15
Let c(w) be the first derivative of 1/3*w**3 - 45 + 11*w + 1/2*w**2. What is c(0)?
11
Let w = -5415 - -5387. Let a(d) = d**2 + 27*d - 30. What is a(w)?
-2
Let z be 4*(-12)/8*(-300)/360. Let a(q) = -q**2 + 2*q + 22. Determine a(z).
7
Let p(b) = 72*b + 3321. Let o be p(-46). Let c(i) = i**2 - 7*i - 18. What is c(o)?
0
Let c be (-8)/6*(1 + 2). Suppose -115*b = -122*b + 28. Let o(q) = -5 - 95*q + b